{"id":22,"date":"2011-03-16T00:10:30","date_gmt":"2011-03-15T23:10:30","guid":{"rendered":"http:\/\/blog.tu-dresden.de\/learnercommunities\/partner\/"},"modified":"2011-03-23T15:05:34","modified_gmt":"2011-03-23T14:05:34","slug":"partner","status":"publish","type":"page","link":"https:\/\/blog.tu-dresden.de\/learnercommunities\/partner\/","title":{"rendered":"Projektpartner"},"content":{"rendered":"<p>Im Projekt sind Hochschulen und E-Learning-Experten aus ganz Sachsen vertreten:<\/p>\n<ul>\n<li>Technische Universit\u00e4t Dresden &#8211; <a href=\"http:\/\/tu-dresden.de\/die_tu_dresden\/zentrale_einrichtungen\/mz\/forschung\/aktuelle_projekte\/learner_communities\">Medienzentrum<\/a> (Projektleitung)<\/li>\n<li>Technische Universit\u00e4t Chemnitz &#8211; <a href=\"http:\/\/www.medkom.tu-chemnitz.de\/mk\/forschung_lhk_sachsen.php\">Institut f\u00fcr Medienkommunikation<\/a><\/li>\n<li>Universit\u00e4t Leipzig &#8211; <a href=\"http:\/\/www.zv.uni-leipzig.de\/studium\/e-learning\/projekte\/lcp-learner-communities.html\">Arbeitsgruppe E-Learning-Service<\/a><\/li>\n<li>Hochschule Zittau\/G\u00f6rlitz (FH) &#8211; <a href=\"http:\/\/www.inf.hs-zigr.de\/sozialwesen\/kommunikationspsychologie\/index.php\/forschung\/lcp\">Kommunikationspsychologie<\/a><\/li>\n<li>Deutsche Telekom Hochschule f\u00fcr Telekommunikation Leipzig (FH) &#8211; <a href=\"https:\/\/www.hft-leipzig.de\/de\/forschung-wirtschaft\/institute-der-hftl\/institut-idsw.html\">Institut f\u00fcr Duales Studium<\/a><\/li>\n<li><a href=\"http:\/\/www.bps-system.de\/cms\/index.php?id=6\">BPS Bildungsportal Sachsen GmbH<\/a><\/li>\n<\/ul>\n<p style=\"text-align: left\">\n","protected":false},"excerpt":{"rendered":"<p>Im Projekt sind Hochschulen und E-Learning-Experten aus ganz Sachsen vertreten: Technische Universit\u00e4t Dresden &#8211; Medienzentrum (Projektleitung) Technische Universit\u00e4t Chemnitz &#8211; Institut f\u00fcr Medienkommunikation Universit\u00e4t Leipzig &#8211; Arbeitsgruppe E-Learning-Service Hochschule Zittau\/G\u00f6rlitz (FH) &#8211; Kommunikationspsychologie Deutsche Telekom Hochschule f\u00fcr Telekommunikation Leipzig (FH) &#8211; Institut f\u00fcr Duales Studium BPS Bildungsportal Sachsen GmbH<\/p>\n","protected":false},"author":95,"featured_media":0,"parent":0,"menu_order":1,"comment_status":"closed","ping_status":"closed","template":"","meta":{"footnotes":""},"class_list":["post-22","page","type-page","status-publish","hentry"],"_links":{"self":[{"href":"https:\/\/blog.tu-dresden.de\/learnercommunities\/wp-json\/wp\/v2\/pages\/22","targetHints":{"allow":["GET"]}}],"collection":[{"href":"https:\/\/blog.tu-dresden.de\/learnercommunities\/wp-json\/wp\/v2\/pages"}],"about":[{"href":"https:\/\/blog.tu-dresden.de\/learnercommunities\/wp-json\/wp\/v2\/types\/page"}],"author":[{"embeddable":true,"href":"https:\/\/blog.tu-dresden.de\/learnercommunities\/wp-json\/wp\/v2\/users\/95"}],"replies":[{"embeddable":true,"href":"https:\/\/blog.tu-dresden.de\/learnercommunities\/wp-json\/wp\/v2\/comments?post=22"}],"version-history":[{"count":42,"href":"https:\/\/blog.tu-dresden.de\/learnercommunities\/wp-json\/wp\/v2\/pages\/22\/revisions"}],"predecessor-version":[{"id":23,"href":"https:\/\/blog.tu-dresden.de\/learnercommunities\/wp-json\/wp\/v2\/pages\/22\/revisions\/23"}],"wp:attachment":[{"href":"https:\/\/blog.tu-dresden.de\/learnercommunities\/wp-json\/wp\/v2\/media?parent=22"}],"curies":[{"name":"wp","href":"https:\/\/api.w.org\/{rel}","templated":true}]}}