{"id":21,"date":"2017-03-09T11:45:54","date_gmt":"2017-03-09T09:45:54","guid":{"rendered":"http:\/\/blog.tu-dresden.de\/lehrraum-digital\/?page_id=21"},"modified":"2017-03-13T10:28:04","modified_gmt":"2017-03-13T08:28:04","slug":"partner","status":"publish","type":"page","link":"https:\/\/blog.tu-dresden.de\/lehrraum-digital\/partner\/","title":{"rendered":"Partner"},"content":{"rendered":"<p>Technische Universit\u00e4t Dresden (Projektleitung)<br \/>\nFakult\u00e4t Erziehungswissenschaften<br \/>\nInstitut f\u00fcr Berufsp\u00e4dagogik und Berufliche Didaktiken<br \/>\nProfessur f\u00fcr Bildungstechnologie<br \/>\nOnline: <a href=\"https:\/\/tu-dresden.de\/gsw\/ew\/ibbd\" target=\"_blank\">tu-dresden.de\/gsw\/ew\/ibbd<\/a><\/p>\n<p>Technische Universit\u00e4t Dresden<br \/>\nFakult\u00e4t Architektur<br \/>\nInstitut f\u00fcr Geb\u00e4udelehre und Entwerfen<br \/>\nWissensarchitektur &#8211; Laboratory of Knowledge Architecture<br \/>\nOnline: <a href=\"https:\/\/tu-dresden.de\/bu\/architektur\/wa\" target=\"_blank\">tu-dresden.de\/bu\/architektur\/wa<\/a><\/p>\n<p>Technische Universit\u00e4t Dresden<br \/>\nMedienzentrum<br \/>\nOnline: <a href=\"https:\/\/tu-dresden.de\/mz\" target=\"_blank\">tu-dresden.de\/mz<\/a><\/p>\n<p>Akademie f\u00fcr berufliche Bildung gGmbH Dresden (AFBB)<br \/>\nOnline: <a href=\"http:\/\/www.ausbildung-und-studium.de\/\" target=\"_blank\">ausbildung-und-studium.de<\/a><\/p>\n<p>Industrie- und Handelskammer Dresden (IHK)<br \/>\nOnline: <a href=\"http:\/\/www.dresden.ihk.de\" target=\"_blank\">dresden.ihk.de<\/a><\/p>\n<p>Handwerkskammer Dresden (HWK)<br \/>\nOnline: <a href=\"https:\/\/www.hwk-dresden.de\/\" target=\"_blank\">hwk-dresden.de<\/a><\/p>\n<p>Siemens AG<br \/>\nDigital Factory Division<br \/>\nService Academy<br \/>\nOnline: <a href=\"https:\/\/www.siemens.de\/ueberuns\/unser-geschaeft\/digital-factory\/seiten\/digital-factory.aspx\" target=\"_blank\">siemens.de\/&#8230;\/digital-factory<\/a><\/p>\n","protected":false},"excerpt":{"rendered":"<p>Technische Universit\u00e4t Dresden (Projektleitung) Fakult\u00e4t Erziehungswissenschaften Institut f\u00fcr Berufsp\u00e4dagogik und Berufliche Didaktiken Professur f\u00fcr Bildungstechnologie Online: tu-dresden.de\/gsw\/ew\/ibbd Technische Universit\u00e4t Dresden Fakult\u00e4t Architektur Institut f\u00fcr Geb\u00e4udelehre und Entwerfen Wissensarchitektur &#8211; Laboratory of Knowledge Architecture Online: tu-dresden.de\/bu\/architektur\/wa Technische Universit\u00e4t Dresden Medienzentrum Online: tu-dresden.de\/mz Akademie f\u00fcr berufliche Bildung gGmbH Dresden (AFBB) Online: ausbildung-und-studium.de Industrie- und Handelskammer Dresden (IHK) [&hellip;]<\/p>\n","protected":false},"author":127,"featured_media":0,"parent":0,"menu_order":3,"comment_status":"open","ping_status":"open","template":"","meta":{"footnotes":""},"class_list":["post-21","page","type-page","status-publish","hentry"],"_links":{"self":[{"href":"https:\/\/blog.tu-dresden.de\/lehrraum-digital\/wp-json\/wp\/v2\/pages\/21","targetHints":{"allow":["GET"]}}],"collection":[{"href":"https:\/\/blog.tu-dresden.de\/lehrraum-digital\/wp-json\/wp\/v2\/pages"}],"about":[{"href":"https:\/\/blog.tu-dresden.de\/lehrraum-digital\/wp-json\/wp\/v2\/types\/page"}],"author":[{"embeddable":true,"href":"https:\/\/blog.tu-dresden.de\/lehrraum-digital\/wp-json\/wp\/v2\/users\/127"}],"replies":[{"embeddable":true,"href":"https:\/\/blog.tu-dresden.de\/lehrraum-digital\/wp-json\/wp\/v2\/comments?post=21"}],"version-history":[{"count":8,"href":"https:\/\/blog.tu-dresden.de\/lehrraum-digital\/wp-json\/wp\/v2\/pages\/21\/revisions"}],"predecessor-version":[{"id":41,"href":"https:\/\/blog.tu-dresden.de\/lehrraum-digital\/wp-json\/wp\/v2\/pages\/21\/revisions\/41"}],"wp:attachment":[{"href":"https:\/\/blog.tu-dresden.de\/lehrraum-digital\/wp-json\/wp\/v2\/media?parent=21"}],"curies":[{"name":"wp","href":"https:\/\/api.w.org\/{rel}","templated":true}]}}